86285.
5, 157, 193
What are the prime factors of 215443?
215443
List the prime factors of 165346.
2, 47, 1759
What are the prime factors of 16512487?
2719, 6073
What are the prime factors of 129868?
2, 32467
What are the prime factors of 41652?
2, 3, 13, 89
List the prime factors of 12418631.
31, 400601
What are the prime factors of 486572?
2, 103, 1181
What are the prime factors of 236533?
11, 21503
What are the prime factors of 14252507?
107, 133201
What are the prime factors of 186897?
3, 62299
What are the prime factors of 232439?
232439
What are the prime factors of 13034647?
13034647
List the prime factors of 3255117.
3, 383, 2833
List the prime factors of 3342785.
5, 271, 2467
What are the prime factors of 26615501?
11, 107, 22613
List the prime factors of 1152741.
3, 384247
List the prime factors of 276657.
3, 92219
List the prime factors of 17312216.
2, 1381, 1567
List the prime factors of 6913563.
3, 2304521
List the prime factors of 1789425.
3, 5, 11, 241
What are the prime factors of 456702?
2, 3, 103, 739
List the prime factors of 96470.
2, 5, 11, 877
What are the prime factors of 17948526?
2, 3, 2991421
List the prime factors of 619898.
2, 37, 8377
What are the prime factors of 6266740?
2, 5, 431, 727
What are the prime factors of 4624512?
2, 3, 12043
List the prime factors of 131913.
3, 14657
What are the prime factors of 3155475?
3, 5, 42073
List the prime factors of 1268723.
331, 3833
List the prime factors of 806.
2, 13, 31
What are the prime factors of 93775?
5, 11, 31
List the prime factors of 379382.
2, 189691
List the prime factors of 8130648.
2, 3, 338777
What are the prime factors of 3578911?
7, 73039
What are the prime factors of 359097?
3, 119699
What are the prime factors of 237330?
2, 3, 5, 293
List the prime factors of 257137.
47, 5471
List the prime factors of 334867.
13, 25759
List the prime factors of 4858996.
2, 1214749
What are the prime factors of 463695?
3, 5, 19, 1627
List the prime factors of 574373.
574373
List the prime factors of 328564.
2, 82141
List the prime factors of 534169.
37, 14437
List the prime factors of 2939763.
3, 979921
What are the prime factors of 197608?
2, 17, 1453
What are the prime factors of 1232748?
2, 3, 11, 283
What are the prime factors of 1446628?
2, 503, 719
List the prime factors of 97308.
2, 3, 17, 53
What are the prime factors of 4936910?
2, 5, 11, 37, 1213
List the prime factors of 2951010.
2, 3, 5, 32789
What are the prime factors of 329992?
2, 13, 19, 167
What are the prime factors of 7462042?
2, 7, 533003
What are the prime factors of 6939374?
2, 13, 266899
List the prime factors of 1149304.
2, 13, 43, 257
List the prime factors of 894241.
313, 2857
List the prime factors of 7424990.
2, 5, 742499
What are the prime factors of 620452?
2, 7, 22159
List the prime factors of 8804922.
2, 3, 7, 29, 7229
What are the prime factors of 1526270?
2, 5, 19, 29, 277
What are the prime factors of 8864125?
5, 70913
List the prime factors of 1312896.
2, 3, 13, 263
What are the prime factors of 980762?
2, 107, 4583
List the prime factors of 6992795.
5, 1398559
What are the prime factors of 918780?
2, 3, 5, 15313
What are the prime factors of 17888394?
2, 3, 2981399
What are the prime factors of 9442508?
2, 1321, 1787
List the prime factors of 4861810.
2, 5, 486181
What are the prime factors of 289147?
199, 1453
What are the prime factors of 11896197?
3, 421, 9419
What are the prime factors of 21738165?
3, 5, 1449211
What are the prime factors of 4057113?
3, 1352371
What are the prime factors of 10203491?
10203491
What are the prime factors of 2843699?
2843699
List the prime factors of 36296073.
3, 11, 122209
What are the prime factors of 18827464?
2, 43, 229, 239
List the prime factors of 572821.
572821
List the prime factors of 1054091.
1054091
What are the prime factors of 78541?
78541
What are the prime factors of 1700361?
3, 13, 14533
List the prime factors of 484710.
2, 3, 5, 107, 151
List the prime factors of 2771888.
2, 7, 24749
What are the prime factors of 28078237?
11, 17, 150151
List the prime factors of 595217.
7, 23, 3697
List the prime factors of 218925.
3, 5, 7, 139
What are the prime factors of 137557?
7, 43, 457
List the prime factors of 3400348.
2, 7, 121441
List the prime factors of 8628860.
2, 5, 17, 41, 619
What are the prime factors of 640999?
179, 3581
List the prime factors of 239087.
239087
List the prime factors of 552766.
2, 479, 577
List the prime factors of 1732307.
1732307
What are the prime factors of 33459916?
2, 7, 1194997
What are the prime factors of 124446?
2, 3, 7, 2963
List the prime factors of 948078.
2, 3, 97, 181
What are the prime factors of 31422019?
31422019
What are the prime factors of 30793058?
2, 15396529
List the prime factors of 13717021.
577, 23773
What are the prime factors of 47889?
3, 17, 313
List the prime factors of 2166092.
2, 541523
List the prime factors of 2272.
2, 71
What are the prime factors of 1013713?
1013713
What are the prime factors of 6619?
6619
What are the prime factors of 1291849?
13, 43, 2311
List the prime factors of 8633329.
29, 41, 53, 137
List the prime factors of 844636.
2, 13, 37, 439
List the prime factors of 940888.
2, 13, 83, 109
List the prime factors of 17752448.
2, 7, 19813
List the prime factors of 4159513.
773, 5381
What are the prime factors of 862711?
127, 6793
List the prime factors of 76360.
2, 5, 23, 83
List the prime factors of 1392845.
5, 47, 5927
List the prime factors of 431949.
3, 7, 67, 307
What are the prime factors of 82186?
2, 13, 29, 109
What are the prime factors of 2171630?
2, 5, 217163
What are the prime factors of 15717627?
3, 53, 83, 397
What are the prime factors of 12835868?
2, 19, 168893
List the prime factors of 338482.
2, 169241
What are the prime factors of 156559?
13, 12043
List the prime factors of 270913.
270913
List the prime factors of 1181847.
3, 53, 7433
What are the prime factors of 663800?
2, 5, 3319
List the prime factors of 3401432.
2, 193, 2203
List the prime factors of 324474.
2, 3, 41, 1319
What are the prime factors of 4543327?
107, 42461
What are the prime factors of 120531?
3, 40177
List the prime factors of 5071869.
3, 11, 17077
List the prime factors of 360511.
360511
What are the prime factors of 2390380?
2, 5, 107, 1117
What are the prime factors of 1199553?
3, 399851
What are the prime factors of 279250?
2, 5, 1117
What are the prime factors of 275428?
2, 37, 1861
What are the prime factors of 13961831?
13, 601, 1787
List the prime factors of 670437.
3, 31, 89
What are the prime factors of 326469?
3, 11, 13, 761
List the prime factors of 346839.
3, 115613
List the prime factors of 1469801.
1469801
List the prime factors of 1519776.
2, 3, 1759
List the prime factors of 1366014.
2, 3, 13, 83, 211
What are the prime factors of 126888?
2, 3, 17, 311
What are the prime factors of 362338?
2, 17, 10657
What are the prime factors of 2830343?
1051, 2693
List the prime factors of 152260.
2, 5, 23, 331
What are the prime factors of 3906859?
11, 173, 2053
List the prime factors of 1811829.
3, 173, 3491
What are the prime factors of 301956?
2, 3, 25163
What are the prime factors of 15412823?
449, 34327
What are the prime factors of 251861?
251861
List the prime factors of 6701201.
13, 515477
List the prime factors of 4044895.
5, 17, 23, 2069
What are the prime factors of 2206594?
2, 13, 84869
What are the prime factors of 116258?
2, 58129
List the prime factors of 4885194.
2, 3, 814199
What are the prime factors of 8964956?
2, 7, 11, 13, 2239
List the prime factors of 2342462.
2, 1171231
List the prime factors of 428762.
2, 214381
List the prime factors of 1386649.
11, 37, 3407
List the prime factors of 3136930.
2, 5, 29, 373
What are the prime factors of 397905?
3, 5, 41, 647
List the prime factors of 6203280.
2, 3, 5, 25847
What are the prime factors of 178886?
2, 89443
What are the prime factors of 3599638?
2, 7, 23, 1597
What are the prime factors of 7033043?
1217, 5779
List the prime factors of 419755.
5, 7, 67, 179
What are the prime factors of 6877832?
2, 13, 41, 1613
List the prime factors of 14792.
2, 43
What are the prime factors of 616026?
2, 3, 83, 1237
What are the prime factors of 2547036?
2, 3, 139, 509
List the prime factors of 3851.
3851
List th